ultiple of 62?
True
Is 1011 a factor of 2582716776?
True
Does 53 divide 63151033?
False
Is 374 a factor of 154663128?
False
Is 13 a factor of 800870876?
True
Does 1585 divide 107130298?
False
Does 22 divide 69966249?
False
Is 542 a factor of 150683046?
True
Is 1330 a factor of 47821480?
True
Does 28 divide 41066844?
True
Is 14 a factor of 5355829?
False
Is 93030386 a multiple of 2347?
True
Does 1323 divide 16262316?
True
Is 182 a factor of 203986874?
True
Is 234 a factor of 54613294?
False
Is 1360 a factor of 1124367304?
False
Is 123 a factor of 26219541?
True
Does 1596 divide 868137074?
False
Is 50 a factor of 171312713?
False
Is 139 a factor of 1588798432?
False
Is 47 a factor of 24244238?
False
Does 4477 divide 88514767?
True
Is 28977360 a multiple of 60?
True
Is 20 a factor of 54717040?
True
Does 29 divide 17868176?
True
Is 7 a factor of 80866250?
False
Is 47656188 a multiple of 12?
True
Does 106 divide 93663826?
True
Is 1536 a factor of 1548719401?
False
Is 198 a factor of 72457308?
True
Is 42 a factor of 15042006?
True
Is 529 a factor of 157068276?
False
Is 110 a factor of 57483681?
False
Is 228521475 a multiple of 225?
True
Is 793 a factor of 167076377?
True
Is 633 a factor of 175859427?
True
Is 118716960 a multiple of 120?
True
Is 562136272 a multiple of 8?
True
Is 3236853204 a multiple of 27?
True
Does 40 divide 93107160?
True
Is 65656260 a multiple of 69?
True
Is 186583232 a multiple of 6?
False
Is 847047242 a multiple of 20?
False
Is 509590292 a multiple of 596?
False
Does 15 divide 33488734?
False
Is 37090808 a multiple of 885?
False
Is 64 a factor of 259739765?
False
Does 88 divide 84179215?
False
Does 25 divide 1679261?
False
Is 395441600 a multiple of 200?
True
Does 27 divide 33493230?
True
Is 130 a factor of 123219200?
True
Is 589 a factor of 11254402?
False
Is 46869007 a multiple of 628?
False
Does 145 divide 362024750?
False
Does 4 divide 22506842?
False
Does 4 divide 9589445?
False
Does 612 divide 2158973820?
True
Is 94 a factor of 164197038?
True
Does 23 divide 110023375?
True
Is 1098 a factor of 107341771?
False
Does 350 divide 3438750?
True
Does 21 divide 16398961?
False
Is 7683648 a multiple of 224?
True
Does 43 divide 1110779110?
False
Is 30373863 a multiple of 13?
True
Does 66 divide 341393646?
True
Is 3217598211 a multiple of 12?
False
Is 1832584 a multiple of 67?
True
Is 13 a factor of 298634609?
True
Is 17301742 a multiple of 38?
True
Does 4957 divide 2057624269?
False
Is 527 a factor of 1275857514?
True
Does 2205 divide 3648815207?
False
Does 36 divide 218592?
True
Does 1535 divide 63892840?
True
Is 377 a factor of 80008071?
True
Is 24 a factor of 58740494?
False
Does 1016 divide 14154912?
True
Is 314457429 a multiple of 13?
True
Is 46 a factor of 121044881?
False
Is 11 a factor of 694696233?
True
Is 10508942 a multiple of 1017?
False
Is 78535518 a multiple of 44?
False
Is 155 a factor of 96889910?
False
Does 13 divide 1630512081?
False
Is 114440534 a multiple of 900?
False
Is 93 a factor of 368503437?
False
Is 534870 a multiple of 21?
True
Is 506653223 a multiple of 23?
True
Does 26 divide 82345528?
False
Is 898064424 a multiple of 36?
True
Is 22506198 a multiple of 13?
True
Does 40 divide 1653890400?
True
Is 2006574119 a multiple of 667?
True
Is 719 a factor of 84644994?
True
Does 3639 divide 2183319188?
False
Is 3624214036 a multiple of 131?
True
Does 40 divide 331019760?
True
Is 418508630 a multiple of 2072?
False
Is 49 a factor of 13506758?
False
Is 39079530 a multiple of 115?
True
Is 2377 a factor of 2851064126?
True
Is 788958264 a multiple of 30?
False
Does 152 divide 122180117?
False
Is 379032900 a multiple of 58?
True
Does 195 divide 2439329490?
True
Is 5737 a factor of 19404302?
False
Is 74470620 a multiple of 84?
True
Is 27883996 a multiple of 9?
False
Does 195 divide 31421864?
False
Is 19131539 a multiple of 1173?
False
Does 336 divide 60274791?
False
Is 181 a factor of 30748606?
False
Is 4 a factor of 111242?
False
Is 8 a factor of 3634360?
True
Is 9 a factor of 462349971?
True
Does 9 divide 1423379232?
True
Is 39 a factor of 361832541?
False
Does 38 divide 9773286?
False
Is 12 a factor of 445709442?
False
Is 1375 a factor of 22028875?
True
Is 580807815 a multiple of 35?
True
Does 8192 divide 1532796928?
True
Is 27155596 a multiple of 52?
True
Does 195 divide 457226824?
False
Is 389 a factor of 4828984?
False
Is 1433982 a multiple of 33?
True
Is 47764892 a multiple of 28?
True
Is 2771 a factor of 1423340776?
True
Is 16453268 a multiple of 794?
True
Does 2568 divide 307154841?
False
Is 113348647 a multiple of 106?
False
Is 8215539 a multiple of 51?
True
Is 297879889 a multiple of 737?
False
Does 141 divide 2688642426?
True
Is 57606354 a multiple of 29?
True
Does 873 divide 91332387?
True
Is 54988990 a multiple of 70?
True
Does 1533 divide 173756958?
False
Does 29 divide 1762040?
True
Is 3 a factor of 70091674?
False
Does 95 divide 2184905?
True
Is 424 a factor of 963006435?
False
Is 116 a factor of 79581166?
False
Does 70 divide 58731330?
True
Does 198 divide 22899492?
True
Is 42663827 a multiple of 47?
True
Does 13 divide 797038541?
True
Is 3156079950 a multiple of 50?
True
Is 16 a factor of 13775488?
True
Is 603791344 a multiple of 8?
True
Does 733 divide 192196169?
False
Does 6361 divide 255699478?
True
Is 1142 a factor of 888415474?
True
Is 9372421 a multiple of 22?
False
Is 235074623 a multiple of 94?
False
Does 99 divide 24801282?
True
Is 871862040 a multiple of 28?
True
Is 24 a factor of 40649232?
True
Is 45969200 a multiple of 10?
True
Is 1063 a factor of 392634216?
False
Does 600 divide 131325050?
False
Does 5 divide 1600710?
True
Is 100369127 a multiple of 13?
False
Is 215818128 a multiple of 2448?
True
Is 91 a factor of 96829854?
False
Is 59 a factor of 797436?
False
Does 103 divide 1162315547?
False
Does 4284 divide 15216768?
True
Is 253 a factor of 88638666?
False
Is 13 a factor of 40634620?
True
Is 34 a factor of 22846946?
True
Does 2312 divide 52225406?
False
Is 223531056 a multiple of 1351?
True
Is 3555 a factor of 2614638510?
True
Does 5 divide 104526797?
False
Is 8 a factor of 32656112?
True
Does 2199 divide 770681634?
False
Does 93 divide 77546655?
True
Does 24 divide 35364984?
True
Is 2034104405 a multiple of 149?
False
Is 27984782 a multiple of 132?
False
Is 575 a factor of 66991847?
False
Does 155 divide 198886?
False
Is 19 a factor of 2203886000?
True
Is 2334916287 a multiple of 55?
False
Is 135443638 a multiple of 1966?
True
Is 2105 a factor of 221374430?
True
Does 16 divide 316103600?
True
Does 42 divide 103118316?
True
Does 81 divide 2823893?
False
Is 26716944 a multiple of 451?
False
Is 317149386 a multiple of 75?
False
Is 280 a factor of 6409200?
True
Is 25093670 a multiple of 139?
True
Does 3677 divide 55169708?
True
Does 22 divide 1448276803?
False
Does 8 divide 83653728?
True
Is 64854349 a multiple of 2?
False
Is 273 a factor of 876697316?
False
Is 3488485221 a multiple of 331?
False
Is 15 a factor of 46001280?
True
Is 214 a factor of 19853636?
True
Is 72 a factor of 291319992?
True
Does 824 divide 51244366?
False
Does 1210 divide 6346067?
False
Is 134061730 a multiple of 74?
True
Does 66 divide 7013400132?
False
Is 1157059400 a multiple of 175?
True
Is 6352 a factor of 37903561?
False
Is 217 a factor of 178285898?
True
Does 29 divide 16299582?
False
Does 2036 divide 5491092?
True
Is 261137 a multiple of 21?
False
Is 276311664 a multiple of 283?
False
Does 969 divide 10031607?
False
Is 56852995 a multiple of 24?
False
Is 191458618 a multiple of 559?
True
Is 17 a factor of 1946404460?
True
Is 68 a factor of 29737575?
False
Does 81 divide 162040138?
False
Does 3 divide 3849714?
True
Is 4809 a factor of 611870971?
False
Is 688 a factor of 98935192?
False
Does 526 divide 538456306?
False
Is 13430795 a multiple of 74?
False
Is 3784203362 a multiple of 298?
True
Does 189 divide 992206341?
True
Is 8075 a factor of 357308766?
False
Is 14 a factor of 3758087326?
True
Is 42808064 a multiple of 3952?
True
Does 1019 divide 2308282?
False
Does 33 divide 3955678?
False
Does 53 divide 187418865?
True
Is 14 a factor of 856944486?
False
Is 55 a factor of 124178175?
True
Does 2240 divide 50951280?
False
Does 69 divide 446672435?
False
Is 5 a factor of 780073?
False
Is 7 a factor of 517